{"id":114,"date":"2024-06-01T15:30:52","date_gmt":"2024-06-01T18:30:52","guid":{"rendered":"https:\/\/antropocaos.com.ar\/?page_id=114"},"modified":"2024-06-01T16:23:35","modified_gmt":"2024-06-01T19:23:35","slug":"prensa","status":"publish","type":"page","link":"https:\/\/antropocaos.com.ar\/index.php\/prensa\/","title":{"rendered":"PRENSA"},"content":{"rendered":"\n<h4 class=\"wp-block-heading has-medium-font-size\">2015. &nbsp;\u201cNetnograf\u00eda: la ciencia social que descubre qui\u00e9n sos y qu\u00e9 hac\u00e9s en las redes sociales\u201d (Nota publicada en el portal El DestapeWeb el 18\/09\/2015)&nbsp;<a href=\"https:\/\/www.eldestapeweb.com\/nota\/netnografia-la-ciencia-social-que-descubre-quien-sos-y-que-haces-en-las-redes-sociales-2015-9-18-12-48-0\">(Acceder)<\/a><\/h4>\n\n\n\n<h4 class=\"wp-block-heading has-medium-font-size\">2012. \u201cLos arque\u00f3logos y antrop\u00f3logos del siglo XXI\u201d (Nota publicada en \u201cLa Naci\u00f3n\u201d el 17\/08\/2012)&nbsp;<a href=\"https:\/\/www.lanacion.com.ar\/tecnologia\/los-arqueologos-y-antropologos-del-siglo-xxi-nid1499869\/\">(Acceder)<\/a><\/h4>\n\n\n\n<h4 class=\"wp-block-heading has-medium-font-size\">2011. \u201cRadiograf\u00eda antropol\u00f3gica y matem\u00e1tica de lo social\u201d (Reportaje publicado en la Revista \u00d1, n\u00b0 424 el \u00a012\/11\/2011)\u00a0<a href=\"https:\/\/www.clarin.com\/ideas\/carlos-reynoso-complejidad-redes-sociales-futbol_0_B12-ip52v7e.html\">(Acceder)<\/a><\/h4>\n\n\n\n<h4 class=\"wp-block-heading has-medium-font-size\">2010.&nbsp;\u201cLos cambios deber\u00edan llegar primero off line\u201d&nbsp;(Reportaje publicado en \u201cPagina 12\u201d el 22\/03\/2010)&nbsp;<a href=\"https:\/\/www.pagina12.com.ar\/diario\/suplementos\/espectaculos\/17-17335-2010-03-22.html\">(Acceder)<\/a><\/h4>\n\n\n\n<h4 class=\"wp-block-heading has-medium-font-size\">2008. \u201cEmulando en Ciencias Sociales\u201d (Entrevista en&nbsp;el portal Educ.ar al&nbsp;Grupo AntropoCaos el&nbsp;26\/03\/2008)&nbsp;<a href=\"https:\/\/www.educ.ar\/recursos\/113328\/antropocaos-emulando-en-ciencias-sociales\">(Acceder)<\/a><\/h4>\n\n\n\n<h4 class=\"wp-block-heading has-medium-font-size\">2007. \u201cF\u00e9 en el caos\u201d (Reportaje publicado en \u201cPagina 12\u201d el 5\/12\/2007)&nbsp;<a href=\"https:\/\/www.pagina12.com.ar\/diario\/ciencia\/19-95728-2007-12-05.html\">(Acceder)<\/a><\/h4>\n","protected":false},"excerpt":{"rendered":"<p>2015. &nbsp;\u201cNetnograf\u00eda: la ciencia social que descubre qui\u00e9n sos y qu\u00e9 hac\u00e9s en las redes sociales\u201d (Nota publicada en el portal El DestapeWeb el 18\/09\/2015)&nbsp;(Acceder) 2012. \u201cLos arque\u00f3logos y antrop\u00f3logos del siglo XXI\u201d (Nota publicada en \u201cLa Naci\u00f3n\u201d el 17\/08\/2012)&nbsp;(Acceder) 2011. \u201cRadiograf\u00eda antropol\u00f3gica y matem\u00e1tica de lo social\u201d (Reportaje publicado en la Revista \u00d1, n\u00b0 [&hellip;]<\/p>\n","protected":false},"author":1,"featured_media":0,"parent":0,"menu_order":0,"comment_status":"closed","ping_status":"closed","template":"","meta":{"footnotes":""},"class_list":["post-114","page","type-page","status-publish","hentry"],"_links":{"self":[{"href":"https:\/\/antropocaos.com.ar\/index.php\/wp-json\/wp\/v2\/pages\/114","targetHints":{"allow":["GET"]}}],"collection":[{"href":"https:\/\/antropocaos.com.ar\/index.php\/wp-json\/wp\/v2\/pages"}],"about":[{"href":"https:\/\/antropocaos.com.ar\/index.php\/wp-json\/wp\/v2\/types\/page"}],"author":[{"embeddable":true,"href":"https:\/\/antropocaos.com.ar\/index.php\/wp-json\/wp\/v2\/users\/1"}],"replies":[{"embeddable":true,"href":"https:\/\/antropocaos.com.ar\/index.php\/wp-json\/wp\/v2\/comments?post=114"}],"version-history":[{"count":11,"href":"https:\/\/antropocaos.com.ar\/index.php\/wp-json\/wp\/v2\/pages\/114\/revisions"}],"predecessor-version":[{"id":128,"href":"https:\/\/antropocaos.com.ar\/index.php\/wp-json\/wp\/v2\/pages\/114\/revisions\/128"}],"wp:attachment":[{"href":"https:\/\/antropocaos.com.ar\/index.php\/wp-json\/wp\/v2\/media?parent=114"}],"curies":[{"name":"wp","href":"https:\/\/api.w.org\/{rel}","templated":true}]}}